vide 5583?
False
Does 27 divide 46?
False
Is 1800 a multiple of 90?
True
Is 17 a factor of 10489?
True
Is 70 a factor of 1610?
True
Is 11 a factor of 257?
False
Does 14 divide 86?
False
Is 9 a factor of 9594?
True
Does 8 divide 575?
False
Is 62 a factor of 855?
False
Is 55 a factor of 1070?
False
Does 186 divide 2418?
True
Is 17 a factor of 1309?
True
Does 32 divide 37696?
True
Is 13 a factor of 8046?
False
Is 1813 a multiple of 101?
False
Is 7566 a multiple of 97?
True
Does 4 divide 2013?
False
Is 315 a multiple of 10?
False
Is 76 a multiple of 2?
True
Is 19860 a multiple of 10?
True
Is 19 a factor of 171?
True
Is 1804 a multiple of 17?
False
Does 8 divide 7664?
True
Is 128 a factor of 3708?
False
Is 4776 a multiple of 6?
True
Does 29 divide 87551?
True
Is 22 a factor of 3872?
True
Does 64 divide 1984?
True
Is 31 a factor of 4242?
False
Does 17 divide 3613?
False
Is 7 a factor of 13902?
True
Is 12 a factor of 12096?
True
Does 53 divide 2111?
False
Does 10 divide 5110?
True
Does 16 divide 787?
False
Is 47 a factor of 20441?
False
Does 14 divide 6944?
True
Does 56 divide 10864?
True
Is 49680 a multiple of 207?
True
Is 50 a multiple of 25?
True
Is 4668 a multiple of 6?
True
Does 29 divide 4785?
True
Does 4 divide 667?
False
Is 34 a factor of 44098?
True
Does 49 divide 102985?
False
Is 333 a multiple of 9?
True
Is 46 a factor of 1876?
False
Is 19 a factor of 3534?
True
Does 2 divide 48?
True
Does 8 divide 4192?
True
Is 1573 a multiple of 13?
True
Is 36 a factor of 610?
False
Is 2 a factor of 950?
True
Is 10 a factor of 1260?
True
Is 148869 a multiple of 139?
True
Is 16 a factor of 8137?
False
Is 8 a factor of 442?
False
Is 10 a factor of 3810?
True
Is 36 a factor of 1031?
False
Is 48 a factor of 1152?
True
Is 3202 a multiple of 12?
False
Does 16 divide 89?
False
Is 2165 a multiple of 14?
False
Does 86 divide 26166?
False
Is 19570 a multiple of 314?
False
Is 20 a factor of 27082?
False
Does 51 divide 9690?
True
Is 1014 a multiple of 67?
False
Does 73 divide 6278?
True
Is 135 a multiple of 6?
False
Is 11 a factor of 404?
False
Is 1920 a multiple of 48?
True
Is 189 a multiple of 63?
True
Does 48 divide 960?
True
Does 27 divide 221?
False
Is 179 a factor of 10919?
True
Is 8412 a multiple of 12?
True
Is 3231 a multiple of 9?
True
Is 7 a factor of 2190?
False
Does 26 divide 507?
False
Is 27 a factor of 1386?
False
Is 219 a factor of 19929?
True
Does 224 divide 13354?
False
Is 99 a factor of 3564?
True
Is 1780 a multiple of 10?
True
Does 14 divide 100?
False
Does 108 divide 13645?
False
Is 24 a factor of 7104?
True
Is 1393 a multiple of 20?
False
Is 2312 a multiple of 29?
False
Is 12 a multiple of 3?
True
Is 32 a factor of 736?
True
Is 13 a factor of 676?
True
Does 40 divide 7840?
True
Is 1229 a multiple of 26?
False
Is 26 a factor of 422?
False
Is 42658 a multiple of 7?
True
Is 11754 a multiple of 18?
True
Is 40 a factor of 1770?
False
Is 9886 a multiple of 176?
False
Is 39 a factor of 507?
True
Does 79 divide 3318?
True
Is 6 a factor of 672?
True
Does 38 divide 11986?
False
Is 42 a factor of 4430?
False
Is 4020 a multiple of 7?
False
Is 5 a factor of 45323?
False
Is 4147 a multiple of 11?
True
Is 2 a factor of 161?
False
Does 28 divide 4942?
False
Does 29 divide 3074?
True
Is 515 a multiple of 5?
True
Does 13 divide 16944?
False
Is 1980 a multiple of 10?
True
Is 22 a factor of 5346?
True
Is 10 a factor of 24241?
False
Is 4 a factor of 523?
False
Is 56 a factor of 6169?
False
Is 6090 a multiple of 130?
False
Is 68 a factor of 99713?
False
Is 4363 a multiple of 75?
False
Is 21 a factor of 588?
True
Is 17370 a multiple of 163?
False
Is 5458 a multiple of 15?
False
Is 7209 a multiple of 9?
True
Does 99 divide 11187?
True
Does 71 divide 52234?
False
Is 85578 a multiple of 33?
False
Does 15 divide 8017?
False
Is 45 a factor of 20925?
True
Is 7788 a multiple of 66?
True
Is 222 a factor of 53710?
False
Does 8 divide 340?
False
Is 515 a multiple of 104?
False
Does 7 divide 16926?
True
Is 1332 a multiple of 3?
True
Does 12 divide 19044?
True
Does 101 divide 1030?
False
Does 9 divide 7747?
False
Is 42444 a multiple of 12?
True
Is 4705 a multiple of 88?
False
Does 24 divide 3216?
True
Is 11110 a multiple of 101?
True
Does 20 divide 4649?
False
Is 4154 a multiple of 67?
True
Is 61287 a multiple of 26?
False
Does 4 divide 18948?
True
Does 23 divide 255?
False
Is 19 a factor of 133?
True
Does 42 divide 13146?
True
Is 54079 a multiple of 15?
False
Is 129 a factor of 3549?
False
Is 3875 a multiple of 155?
True
Is 2281 a multiple of 82?
False
Is 2613 a multiple of 39?
True
Does 4 divide 940?
True
Is 34815 a multiple of 45?
False
Is 12 a factor of 11016?
True
Does 26 divide 933?
False
Is 1002 a multiple of 61?
False
Does 13 divide 4786?
False
Does 81 divide 2464?
False
Is 4 a factor of 3067?
False
Is 1142 a multiple of 21?
False
Is 11 a factor of 16?
False
Is 1410 a multiple of 10?
True
Does 36 divide 1098?
False
Is 3513 a multiple of 6?
False
Does 11 divide 9659?
False
Is 126 a factor of 18543?
False
Is 40639 a multiple of 47?
False
Is 25 a factor of 4249?
False
Is 6 a factor of 148?
False
Is 5460 a multiple of 13?
True
Is 13 a factor of 49243?
False
Is 9856 a multiple of 124?
False
Does 5 divide 720?
True
Is 143 a factor of 6721?
True
Is 15730 a multiple of 10?
True
Is 1133 a multiple of 94?
False
Is 3551 a multiple of 21?
False
Is 86 a factor of 6966?
True
Does 125 divide 6250?
True
Is 17221 a multiple of 24?
False
Is 8 a factor of 154?
False
Is 22 a factor of 90904?
True
Is 33 a factor of 330?
True
Does 76 divide 29543?
False
Is 133 a factor of 44296?
False
Is 39 a factor of 13136?
False
Is 98769 a multiple of 451?
True
Does 4 divide 107?
False
Is 6102 a multiple of 6?
True
Is 75 a multiple of 15?
True
Does 3 divide 213?
True
Is 10 a factor of 39003?
False
Does 109 divide 2775?
False
Does 134 divide 2412?
True
Is 92 a multiple of 4?
True
Does 4 divide 17329?
False
Does 12 divide 504?
True
Is 4 a factor of 5231?
False
Is 53 a factor of 14098?
True
Is 4603 a multiple of 25?
False
Is 62 a factor of 87462?
False
Is 34468 a multiple of 4?
True
Is 1784 a multiple of 8?
True
Is 2227 a multiple of 17?
True
Is 174341 a multiple of 14?
False
Is 7868 a multiple of 9?
False
Is 624 a multiple of 48?
True
Does 19 divide 627?
True
Is 13 a factor of 36816?
True
Is 91455 a multiple of 273?
True
Does 85 divide 1917?
False
Is 14 a factor of 148?
False
Is 190 a factor of 57570?
True
Does 46 divide 6000?
False
Is 50 a factor of 24250?
True
Is 1565 a multiple of 66?
False
Is 22 a factor of 1907?
False
Is 5 a factor of 52481?
False
Is 15 a factor of 2519?
False
Is 33 a factor of 594?
True
Is 1030 a multiple of 30?
False
Is 5433 a multiple of 15?
False
Is 28 a factor of 610?
False
Does 15 divide 997?
False
Is 1340 a multiple of 20?
True
Does 39 divide 65832?
True
Is 38640 a multiple of 56?
True
Does 11 divide 17226?
True
Does 12 divide 204?
True
Does 19 divide 945?
False
Is 2372 a multiple of 35?
False
Is 37 a factor of 20715?
False
Is 7 a factor of 112?
True
Does 93 divide 5766?
True
Does 17 divide 360?
False
Does 40 divide 200?
True
Is 315 a multiple of 7?
True
Is 34262 a multiple of 37?
True
Is 629 a multiple of 17?
True
Does 44 divide 40315?
False
Is 12 a factor of 85211?
False
Is 34 a factor of 259?
False
Is 34951 a multiple of 103?
False
Is 7 a factor of 1018?
False
Does 9 divide 8865?
True
Is 846 a multiple of 8?
False
Is 12 a factor of 9384?
True
Is 462 a multiple of 33?
True
Is 79 a factor of 1106?
True
Is 1244 a multiple of 42?
False
Is 3 a factor of 1421?
False
Is 12 a factor of 1078?
False
Is 9235 a multiple of 14?
False
Is 7 a factor of 6431?
False
Is 15 a factor of 240?
True
Is 7 a factor of 5376?
True
Does 15 divide 6915?
True
Is 2912 a multiple of 16?
True
Is 65 a factor of 23644?
False
Is 3 a factor of 15?
True
Is 7884 a multiple of 72?
False
Does 46 divide 105565?
False
Is 6 a factor of 2634?
True
Is 2251 a multiple of 48?
False
Is 2569 a multiple of 28?
False
Is 799 a multiple of 33?
False
Is 18 a factor of 288?
True
Is 306 a factor of 53550?
True
Is 1818 even?
True
Is 95 a factor of 5666?
False
Is 40 a factor of 1720?
True
Does 13 divide 247?
True
Is 9 a factor of 240?
False
Is 66 a factor of 28512?
True
Is 20 a factor of 1520?
True
Is 9684 a multiple of 9?
True
Is